-2*i - 3943, 2*l + 5*i = 1381. What is the units digit of l?
3
Let z be 4/(-4)*(-11 + 0). Suppose 7*q = z*q. Suppose q = -f - 0*f + 69. What is the units digit of f?
9
Suppose 5*g - 4*w = 112738, 3*w - 217 = -208. What is the tens digit of g?
5
Let j(o) = -6*o**3 - 3*o**2 - 34*o + 2. Let p(g) = -6*g**3 - 3*g**2 - 33*g + 2. Let q(f) = -3*j(f) + 4*p(f). What is the units digit of q(-6)?
0
Let h be -8*-3*318/36. Let a = 369 - h. What is the units digit of a?
7
Let s(n) = -115*n**3 - 4*n - 3. Let m(c) = 3*c**2 + 6*c + 7. Let i be m(-2). Let q be 12/(-54) - i/9. What is the hundreds digit of s(q)?
1
Let m be (3/4)/(-1) - (-1026)/216. Suppose w + 5440 = 5*p, 0 = -10*p + 5*p + m*w + 5425. What is the units digit of p?
9
Suppose c = 4*j + 122, 16 = -j + 15. Suppose 3*k + 328 = -4*a, -2*a = 2*k - 3*a + 215. Let p = c + k. What is the units digit of p?
0
Let p(j) = -j**3 + 58*j**2 - 30*j + 280. What is the tens digit of p(48)?
8
Let y(z) = -5*z - 6. Let b be y(-2). Let k be (565/(-60) + (-1)/b)*-9. Suppose -843 - k = -5*u. What is the hundreds digit of u?
1
Let w = 22 - 12. Let p(l) = 75*l + 18. Let u be p(w). What is the tens digit of u/3*(-4)/(-4)?
5
Suppose -3*y + 2*l + 129430 = 0, -8444 = 2*y + 3*l - 94722. What is the hundreds digit of y?
1
Let w(s) = 13*s + 78 + 7*s + 3*s + 5*s**2 - 9*s + 10*s. What is the tens digit of w(-15)?
4
Let x(y) = -3*y - 43. Suppose 0 = 4*p + 64 - 4. Let z be x(p). Suppose -3*t = -m - 4*m + 37, 5*m - z*t - 38 = 0. What is the units digit of m?
8
Let n(a) = -39*a**2 - 3*a - 18. Let u be n(-6). What is the hundreds digit of u/3*(-8)/6?
6
Suppose -2*w - w - 4*o = -2309, 20 = 4*o. Suppose -4*l + 831 + w = 3*z, 0 = -4*z + 4*l + 2172. What is the tens digit of z?
3
Suppose g = 4*a + 66373, 22*a - 199039 = -3*g + 18*a. What is the ten thousands digit of g?
6
Let a(j) be the third derivative of -5*j**4/6 - 5*j**3/3 + 4*j**2. Suppose x + 12 = 2. What is the tens digit of a(x)?
9
Let g(o) = 512*o**2 - 38*o - 15. What is the tens digit of g(-3)?
0
Suppose 0 = -3*h - 9*h + 48. Suppose -1039 = -3*p + h*m, 4*p + 4*m - 1384 = 8*m. What is the tens digit of p?
4
Let z(j) = -2629*j + 4094. What is the units digit of z(-30)?
4
Let z(l) be the first derivative of l**2 + 145*l - 6 + l**2 - 152*l. What is the units digit of z(4)?
9
Suppose 0 = 273*c - 183*c - 233370. What is the hundreds digit of c?
5
What is the tens digit of (0 + 74 - (-5 - -1))*(-17091)/(-54)?
8
Let q be -4 - -1 - 24/(-4). Let t(o) = -2*o - 19. Let l be t(-8). What is the units digit of (-2 - l)/(119/(-40) + q)?
0
Suppose -4*v - 2*g + 199920 + 5876 = 0, 5*g = 2*v - 102886. What is the thousands digit of v?
1
Suppose 0*v - 48169 = -2*v + 17839. What is the tens digit of v?
0
Suppose 0 = -7*i + 74 + 10. Suppose 0 = i*b + 559 - 3523. Suppose 4*t = 185 + b. What is the hundreds digit of t?
1
Suppose 17 - 7 = 2*x. Suppose -3744 = -x*n + n. What is the units digit of n?
6
Let v(s) = 17*s + 27. Let j(x) = -x**2 - 52*x - 82. Let d(w) = -2*j(w) - 7*v(w). Let i be (-4)/(((-14)/(-4) + -4)/(-1)). What is the hundreds digit of d(i)?
2
Let c(q) = q**3 - 5*q**2 - 21*q + 51. Let j be c(7). Suppose -5*i + 5*m = -560, -2*i + 569 = 3*i - j*m. What is the units digit of i?
5
Let h = 6376 - -3242. What is the thousands digit of h?
9
Let o = -10354 + 10878. Let i(j) = -j**2 - 3*j + 2. Let h be i(-3). Suppose f - h*a - 128 = 0, f - 4*a - o = -3*f. What is the units digit of f?
4
Suppose 0 = -34*k + 46*k - 84096. What is the thousands digit of k?
7
Suppose -7 = -3*v + 2. Suppose v*o - 20 = -o + n, -3*o + 28 = -4*n. Suppose 0 = -o*w + 5*k + 169 + 195, k - 100 = -w. What is the tens digit of w?
9
Suppose -11*p + 4*p + 112393 = -85322. What is the units digit of p?
5
Let v(q) = 2*q**2 + 22*q + 49. Let l be v(28). Suppose l = 3*t + 8*t. What is the tens digit of t?
0
Let o = -48 - -171. Suppose 374 = m + o. What is the tens digit of m?
5
Suppose -k + h + 639 = -4*h, k - h - 627 = 0. Let p = -350 + k. What is the units digit of p?
4
Let b(q) = -3700*q - 31. What is the thousands digit of b(-1)?
3
Let s(r) = -r**3 + 9*r**2 - 16*r - 5. Let u be ((-20)/8)/(5/(-10)). Let v be s(u). Suppose 0 = v*o - 11*o - 36. What is the units digit of o?
9
Suppose -3*v + 3400 + 1142 = 0. Suppose -2*h + 635 = -w, 2*w - v = -5*h + 60. What is the tens digit of h?
1
Suppose 0 = -q + 2*l + 12 - 3, -2*l = -2*q + 14. Suppose -2 = q*z - 4*z. What is the units digit of 17 - (z*3 - -2)?
1
Suppose -g - 111985 + 2572 = -4*k, 82041 = 3*k + 3*g. What is the hundreds digit of k?
3
Suppose j = -4*l + 3955, 19*l - j + 1975 = 21*l. What is the hundreds digit of l?
9
Suppose -5957072 = 121*p - 483*p. What is the tens digit of p?
5
Suppose -5*d - 4*a = -a - 157, d = 4*a + 13. Suppose d*u + 2616 = 33*u. What is the units digit of u?
4
Let b(r) = 107*r - 2. Let v be b(4). Let h be (65960/(-153))/(-8) - 2/(-18). Suppose h*i - v = 51*i. What is the hundreds digit of i?
1
Suppose -4*x + 7*i = 3*i + 280, 170 = -3*x - 5*i. Let h = 66 + x. What is the tens digit of h*(1 - (-1 + -96 - -1))?
9
Let y = 73 + -73. Suppose y = 2*h - h - 3*p, 4*h - 4*p = 0. Suppose h*o = -4*q - 2*o + 660, 5*q + 5*o - 825 = 0. What is the tens digit of q?
6
Suppose 38696 = 3*y - 4*a - 78969, -4*a - 20 = 0. What is the tens digit of y?
1
Let n(j) = 775*j - 9. Let q(t) = 387*t - 4. Let g(l) = -4*n(l) + 10*q(l). What is the tens digit of g(1)?
6
Let c be (-176)/33*3/2. Let g = -4 - c. Suppose g*n + 31 - 215 = 0. What is the units digit of n?
6
Suppose 4 = 9*a - 10*a, 5*n = 5*a. Let i(f) = -9*f**3 - 4*f**2 + 9*f + 13. What is the units digit of i(n)?
9
What is the units digit of (42 - 2376157/(-196))/((-1)/(-4))?
1
Let i(o) be the third derivative of 55*o**4/24 + 13*o**3/6 - 2*o**2 + 16*o. What is the hundreds digit of i(2)?
1
Let o be (-10)/(-75) - (-10363)/15. Let y = -350 + o. What is the hundreds digit of y?
3
Let h(v) = -7*v**3 + 38*v**2 - 8*v + 9. Suppose -k + 15*k = 70. What is the tens digit of h(k)?
4
Let a be (-102)/(-357) - (-3622)/14. Suppose 5*h - 1697 = 3*x, -3*h + a = -x - 760. What is the units digit of h?
0
Let t = 173 + -164. Let f = t - -127. What is the hundreds digit of f?
1
Let l(p) be the first derivative of -p**4/4 - 2*p**3/3 + 3*p**2 - 10*p + 58. What is the tens digit of l(-9)?
0
Let n(c) = -c**3 - 17*c**2 + 2*c + 41. Let i be n(-17). Suppose i*y = 11*y - 2468. What is the hundreds digit of y?
6
Let g(d) = -d**3 + 23*d - 434. Let i be g(0). Let a = 56 - i. What is the units digit of a?
0
Suppose h = 4*i - 139, 109 = 3*i - 0*h + 4*h. Let o = -29 + i. Suppose 1794 = o*u + 7*u. What is the hundreds digit of u?
1
Let q(d) = 4*d**2 + 3*d. Let x be q(-10). What is the hundreds digit of 3/2*x/(45/9)?
1
Let y be 5 + -22*3/6 + 56. What is the thousands digit of (5464/(-10))/(1*(-20)/y)?
1
Let s(k) = -k**2 + 4*k + 4. Let q be s(5). Let b be 2 + (4 - 1 - (3 - q)). What is the tens digit of 1 + 27/b + (-3)/(-3)?
2
Let w be 32/2*(-3)/(-12). Suppose w*c - 1335 + 127 = 0. Suppose 0 = 6*v - 352 - c. What is the tens digit of v?
0
Let g = 251 - 249. Suppose -3*b - g*l = -1840, -11*b - 4*l = -10*b - 610. What is the tens digit of b?
1
Let q be 4 - (-1*204)/(-3). Let h = -11 + 3. What is the units digit of 8/q - (1505/h + -1)?
9
Let u(j) = 2*j**2 - 5*j - 4. Suppose 21 = v + 86. Let c = v + 62. What is the tens digit of u(c)?
2
Suppose -35*m = -40*m + 30. What is the hundreds digit of (m - 56*6)/(-1)?
3
Let c(k) = -k**2 - 5*k - 10. Let a(m) = m**3 - 8*m**2 + 8*m - 12. Let g be a(7). Let z be c(g). Let y(v) = v + 20. What is the units digit of y(z)?
0
Suppose 488*b - 492*b + 189236 = 5*d, -4*d - 4*b = -151384. What is the ten thousands digit of d?
3
Suppose 0 = 5*t - 2*b - 3168, 0 = -3*t - b + 1646 + 257. Suppose -6*a - x = -a - t, -626 = -5*a + x. What is the hundreds digit of a?
1
Suppose 11*o + 5700 = 26*o. Suppose -3*p = 5*d - 952, -2*d - p + o = p. What is the tens digit of d?
9
Let s be ((-27)/(-12))/((-15)/(-140)). Suppose -4*b - 3*o = 2*o - s, 0 = -4*b + 4*o + 12. What is the units digit of (b/10)/(1/150)?
0
Let j = -415 + 415. What is the units digit of -1 + 0 + (72/6 - j)?
1
Let i = -491 - -81. What is the units digit of -7 - (4 + -9) - i?
8
Let g(n) = n**2 + 17*n + 41. Let c be g(29). Suppose c = -10*u + 15*u. What is the tens digit of u?
7
Let s = 162 